{"version":"1.0","provider_name":"Les Ath\u00e9n\u00e9ennes 2018","provider_url":"https:\/\/www.lesatheneennes.ch\/archive\/2018","author_name":"Pierre-Alain Schilling","author_url":"https:\/\/www.lesatheneennes.ch\/archive\/2018\/author\/adminessai2017\/","title":"CAMERATA DU L\u00c9MAN - Les Ath\u00e9n\u00e9ennes 2018","type":"rich","width":600,"height":338,"html":"<blockquote class=\"wp-embedded-content\" data-secret=\"HzhpKikLNg\"><a href=\"https:\/\/www.lesatheneennes.ch\/archive\/2018\/artistes2018\/camerata-du-leman\/\">CAMERATA DU L\u00c9MAN<\/a><\/blockquote><iframe sandbox=\"allow-scripts\" security=\"restricted\" src=\"https:\/\/www.lesatheneennes.ch\/archive\/2018\/artistes2018\/camerata-du-leman\/embed\/#?secret=HzhpKikLNg\" width=\"600\" height=\"338\" title=\"\u00ab\u00a0CAMERATA DU L\u00c9MAN\u00a0\u00bb &#8212; Les Ath\u00e9n\u00e9ennes 2018\" data-secret=\"HzhpKikLNg\" frameborder=\"0\" marginwidth=\"0\" marginheight=\"0\" scrolling=\"no\" class=\"wp-embedded-content\"><\/iframe><script>\n\/*! This file is auto-generated *\/\n!function(c,d){\"use strict\";var e=!1,o=!1;if(d.querySelector)if(c.addEventListener)e=!0;if(c.wp=c.wp||{},c.wp.receiveEmbedMessage);else if(c.wp.receiveEmbedMessage=function(e){var t=e.data;if(!t);else if(!(t.secret||t.message||t.value));else if(\/[^a-zA-Z0-9]\/.test(t.secret));else{for(var r,s,a,i=d.querySelectorAll('iframe[data-secret=\"'+t.secret+'\"]'),n=d.querySelectorAll('blockquote[data-secret=\"'+t.secret+'\"]'),o=new RegExp(\"^https?:$\",\"i\"),l=0;l<n.length;l++)n[l].style.display=\"none\";for(l=0;l<i.length;l++)if(r=i[l],e.source!==r.contentWindow);else{if(r.removeAttribute(\"style\"),\"height\"===t.message){if(1e3<(s=parseInt(t.value,10)))s=1e3;else if(~~s<200)s=200;r.height=s}if(\"link\"===t.message)if(s=d.createElement(\"a\"),a=d.createElement(\"a\"),s.href=r.getAttribute(\"src\"),a.href=t.value,!o.test(a.protocol));else if(a.host===s.host)if(d.activeElement===r)c.top.location.href=t.value}}},e)c.addEventListener(\"message\",c.wp.receiveEmbedMessage,!1),d.addEventListener(\"DOMContentLoaded\",t,!1),c.addEventListener(\"load\",t,!1);function t(){if(o);else{o=!0;for(var e,t,r,s=-1!==navigator.appVersion.indexOf(\"MSIE 10\"),a=!!navigator.userAgent.match(\/Trident.*rv:11\\.\/),i=d.querySelectorAll(\"iframe.wp-embedded-content\"),n=0;n<i.length;n++){if(!(r=(t=i[n]).getAttribute(\"data-secret\")))r=Math.random().toString(36).substr(2,10),t.src+=\"#?secret=\"+r,t.setAttribute(\"data-secret\",r);if(s||a)(e=t.cloneNode(!0)).removeAttribute(\"security\"),t.parentNode.replaceChild(e,t);t.contentWindow.postMessage({message:\"ready\",secret:r},\"*\")}}}}(window,document);\n<\/script>\n","thumbnail_url":"https:\/\/www.lesatheneennes.ch\/archive\/2018\/wp-content\/uploads\/2018\/03\/camerataduleman.jpg","thumbnail_width":840,"thumbnail_height":840,"description":"N\u00e9e d\u2019une rencontre musicale \u00e0 l\u2019automne 2012 sur les rives du Bassin L\u00e9manique sous l&rsquo;impulsion de Carine Balit, fondatrice et violoncelliste, la Camerata du L\u00e9man r\u00e9unit des jeunes musiciens de nationalit\u00e9s diff\u00e9rentes, tous issus des meilleurs conservatoires de Suisse et d\u2019Europe. D\u00e8s son tout d\u00e9but, la Camerata re\u00e7oit le grand enthousiasme du public et des &hellip; Continuer la lecture de &laquo;&nbsp;&nbsp;&raquo;"}

Les Athénéennes 2018

CAMERATA DU LÉMAN - Les Athénéennes 2018

<blockquote class="wp-embedded-content" data-secret="HzhpKikLNg"><a href="https://www.lesatheneennes.ch/archive/2018/artistes2018/camerata-du-leman/">CAMERATA DU LÉMAN</a></blockquote><iframe sandbox="allow-scripts" security="restricted" src="https://www.lesatheneennes.ch/archive/2018/artistes2018/camerata-du-leman/embed/#?secret=HzhpKikLNg" width="600" height="338" title="« CAMERATA DU LÉMAN » &#8212; Les Athénéennes 2018" data-secret="HzhpKikLNg" frameborder="0" marginwidth="0" marginheight="0" scrolling="no" class="wp-embedded-content"></iframe><script>
/*! This file is auto-generated */
!function(c,d){"use strict";var e=!1,o=!1;if(d.querySelector)if(c.addEventListener)e=!0;if(c.wp=c.wp||{},c.wp.receiveEmbedMessage);else if(c.wp.receiveEmbedMessage=function(e){var t=e.data;if(!t);else if(!(t.secret||t.message||t.value));else if(/[^a-zA-Z0-9]/.test(t.secret));else{for(var r,s,a,i=d.querySelectorAll('iframe[data-secret="'+t.secret+'"]'),n=d.querySelectorAll('blockquote[data-secret="'+t.secret+'"]'),o=new RegExp("^https?:$","i"),l=0;l<n.length;l++)n[l].style.display="none";for(l=0;l<i.length;l++)if(r=i[l],e.source!==r.contentWindow);else{if(r.removeAttribute("style"),"height"===t.message){if(1e3<(s=parseInt(t.value,10)))s=1e3;else if(~~s<200)s=200;r.height=s}if("link"===t.message)if(s=d.createElement("a"),a=d.createElement("a"),s.href=r.getAttribute("src"),a.href=t.value,!o.test(a.protocol));else if(a.host===s.host)if(d.activeElement===r)c.top.location.href=t.value}}},e)c.addEventListener("message",c.wp.receiveEmbedMessage,!1),d.addEventListener("DOMContentLoaded",t,!1),c.addEventListener("load",t,!1);function t(){if(o);else{o=!0;for(var e,t,r,s=-1!==navigator.appVersion.indexOf("MSIE 10"),a=!!navigator.userAgent.match(/Trident.*rv:11\./),i=d.querySelectorAll("iframe.wp-embedded-content"),n=0;n<i.length;n++){if(!(r=(t=i[n]).getAttribute("data-secret")))r=Math.random().toString(36).substr(2,10),t.src+="#?secret="+r,t.setAttribute("data-secret",r);if(s||a)(e=t.cloneNode(!0)).removeAttribute("security"),t.parentNode.replaceChild(e,t);t.contentWindow.postMessage({message:"ready",secret:r},"*")}}}}(window,document);
</script>

Née d’une rencontre musicale à l’automne 2012 sur les rives du Bassin Lémanique sous l&rsquo;impulsion de Carine Balit, fondatrice et violoncelliste, la Camerata du Léman réunit des jeunes musiciens de nationalités différentes, tous issus des meilleurs conservatoires de Suisse et d’Europe. Dès son tout début, la Camerata reçoit le grand enthousiasme du public et des &hellip; Continuer la lecture de &laquo;&nbsp;&nbsp;&raquo;
