{"id":18324,"date":"2021-04-20T11:29:57","date_gmt":"2021-04-20T09:29:57","guid":{"rendered":"https:\/\/www.lesatheneennes.ch\/archive\/2022\/?page_id=18324"},"modified":"2023-04-26T14:25:17","modified_gmt":"2023-04-26T12:25:17","slug":"reservations","status":"publish","type":"page","link":"https:\/\/www.lesatheneennes.ch\/archive\/2022\/reservations\/","title":{"rendered":"BILLETTERIE"},"content":{"rendered":"<div class=\"col3 infos-billets \">\n<p>R\u00e9servations online jUSQU\u2019\u00e0 18h LE JOUR DES CONCERTS pendant le festival, billets en vente sur place tous les soirs 1 heure avant les concerts<\/p>\n<p>Placement libre<\/p>\n<\/div>\n<div class=\"col1 infos-billets \">\n<p><span class=\"sous-titres\">Tarifs par concert:<\/span><br \/>\n<strong><span class=\"sous-titres\">[Tarif A]<\/span><\/strong><br \/>\n<strong>Plein tarif: 25.- | Tarif R\u00e9duit: 20.- | Tarif Jeune: 15.-<br \/>\n<\/strong><strong><span class=\"sous-titres\">[Tarif B]<\/span><\/strong><br \/>\n<strong>Plein tarif: 20.- | Tarif R\u00e9duit: 15.- | Tarif Jeune: 12.-<\/strong><\/p>\n<p><span class=\"sous-titres\">La soir\u00e9e enti\u00e8re \u00e0 l&rsquo;Alhambra<\/span><br \/>\n<strong>Plein tarif: 40.- | Tarif R\u00e9duit: 35.- | Tarif Jeune: 20.-<\/strong><\/p>\n<p><span class=\"sous-titres\">La soir\u00e9e enti\u00e8re au Temple de la Madeleine<\/span><br \/>\n<strong>Plein tarif: 35.- | Tarif R\u00e9duit: 30.- | Tarif Jeune: 20.-<\/strong><\/p>\n<\/div>\n<div class=\"col2 infos-billets \"><span class=\"sous-titres\">Tarif r\u00e9duit:<\/span> AVS, AI et \u00e9tudiants<br \/>\n<span class=\"sous-titres\">Tarif jeune:<\/span> moins de 20 ans<\/p>\n<p><span class=\"sous-titres\">Abonnements<\/span><br \/>\n<strong><span class=\"sous-titres\">Plein tarif:<\/span> 180.-<br \/>\n<span class=\"sous-titres\">Tarif R\u00e9duit:<\/span> 150.-<br \/>\n<span class=\"sous-titres\">Tarif Jeune:<\/span> 100.-<\/strong><br \/>\n<span class=\"sous-titres\"><strong>Abonnement de soutien <\/strong><\/span>Tarif unique: 250.\u2013<\/p>\n<p><strong>Acc\u00e8s \u00e0 tous les \u00e9v\u00e8nements \/ r\u00e9servations obligatoires<\/strong><\/p>\n<\/div>\n<div class=\"col3 infos-billets \">\n<p>Le num\u00e9ro d&rsquo;abonnement qui s&rsquo;affiche lors de la confirmation de votre commande vous permettra de revenir plus tard sur la billetterie pour faire votre r\u00e9servation de concerts.<\/p>\n<p><img decoding=\"async\" class=\"alignleft wp-image-18523 size-full\" style=\"max-width: 100%; height: auto;\" src=\"https:\/\/www.lesatheneennes.ch\/archive\/2022\/wp-content\/uploads\/2021\/05\/abonnement-explication.jpg\" alt=\"\" width=\"807\" height=\"234\" srcset=\"https:\/\/www.lesatheneennes.ch\/archive\/2022\/wp-content\/uploads\/2021\/05\/abonnement-explication.jpg 807w, https:\/\/www.lesatheneennes.ch\/archive\/2022\/wp-content\/uploads\/2021\/05\/abonnement-explication-300x87.jpg 300w, https:\/\/www.lesatheneennes.ch\/archive\/2022\/wp-content\/uploads\/2021\/05\/abonnement-explication-150x43.jpg 150w, https:\/\/www.lesatheneennes.ch\/archive\/2022\/wp-content\/uploads\/2021\/05\/abonnement-explication-768x223.jpg 768w\" sizes=\"(max-width: 807px) 85vw, 807px\" \/><\/p>\n<p>Pour toute demande, veuillez \u00e9crire \u00e0 l&rsquo;adresse <span class=\"sous-titres\"><a style=\"border-bottom: 1px solid;\" href=\"mailto:billetterie@lesatheneennes.ch\/archive\/2022\" target=\"_blank\" rel=\"noopener\">billetterie[a]lesatheneennes.ch\/archive\/2022<\/a><\/span><\/p>\n<p><!--Si la billetterie ne s'affiche pas sur votre navigateur, vous pouvez cliquer sur ce lien:--><\/p>\n<\/div>\n","protected":false},"excerpt":{"rendered":"<p>R\u00e9servations online jUSQU\u2019\u00e0 18h LE JOUR DES CONCERTS pendant le festival, billets en vente sur place tous les soirs 1 heure avant les concerts Placement libre Tarifs par concert: [Tarif A] Plein tarif: 25.- | Tarif R\u00e9duit: 20.- | Tarif Jeune: 15.- [Tarif B] Plein tarif: 20.- | Tarif R\u00e9duit: 15.- | Tarif Jeune: 12.- &hellip; <a href=\"https:\/\/www.lesatheneennes.ch\/archive\/2022\/reservations\/\" class=\"more-link\">Continuer la lecture<span class=\"screen-reader-text\"> de &laquo;&nbsp;BILLETTERIE&nbsp;&raquo;<\/span><\/a><\/p>\n","protected":false},"author":1,"featured_media":0,"parent":0,"menu_order":0,"comment_status":"closed","ping_status":"closed","template":"","meta":[],"acf":[],"yoast_head":"<!-- This site is optimized with the Yoast SEO plugin v18.5.1 - https:\/\/yoast.com\/wordpress\/plugins\/seo\/ -->\n<title>BILLETTERIE - Les Ath\u00e9n\u00e9ennes 2022<\/title>\n<meta name=\"robots\" content=\"index, follow, max-snippet:-1, max-image-preview:large, max-video-preview:-1\" \/>\n<link rel=\"canonical\" href=\"https:\/\/www.lesatheneennes.ch\/archive\/2022\/reservations\/\" \/>\n<meta property=\"og:locale\" content=\"fr_FR\" \/>\n<meta property=\"og:type\" content=\"article\" \/>\n<meta property=\"og:title\" content=\"BILLETTERIE - Les Ath\u00e9n\u00e9ennes 2022\" \/>\n<meta property=\"og:description\" content=\"R\u00e9servations online jUSQU\u2019\u00e0 18h LE JOUR DES CONCERTS pendant le festival, billets en vente sur place tous les soirs 1 heure avant les concerts Placement libre Tarifs par concert: [Tarif A] Plein tarif: 25.- | Tarif R\u00e9duit: 20.- | Tarif Jeune: 15.- [Tarif B] Plein tarif: 20.- | Tarif R\u00e9duit: 15.- | Tarif Jeune: 12.- &hellip; Continuer la lecture de &laquo;&nbsp;BILLETTERIE&nbsp;&raquo;\" \/>\n<meta property=\"og:url\" content=\"https:\/\/www.lesatheneennes.ch\/archive\/2022\/reservations\/\" \/>\n<meta property=\"og:site_name\" content=\"Les Ath\u00e9n\u00e9ennes 2022\" \/>\n<meta property=\"article:publisher\" content=\"https:\/\/www.facebook.com\/lesatheneennes\/\" \/>\n<meta property=\"article:modified_time\" content=\"2023-04-26T12:25:17+00:00\" \/>\n<meta property=\"og:image\" content=\"https:\/\/www.lesatheneennes.ch\/archive\/2022\/wp-content\/uploads\/2021\/05\/abonnement-explication.jpg\" \/>\n<meta name=\"twitter:card\" content=\"summary\" \/>\n<meta name=\"twitter:label1\" content=\"Dur\u00e9e de lecture estim\u00e9e\" \/>\n\t<meta name=\"twitter:data1\" content=\"2 minutes\" \/>\n<script type=\"application\/ld+json\" class=\"yoast-schema-graph\">{\"@context\":\"https:\/\/schema.org\",\"@graph\":[{\"@type\":\"WebSite\",\"@id\":\"https:\/\/www.lesatheneennes.ch\/archive\/2022\/#website\",\"url\":\"https:\/\/www.lesatheneennes.ch\/archive\/2022\/\",\"name\":\"Les Ath\u00e9n\u00e9ennes 2022\",\"description\":\"\",\"potentialAction\":[{\"@type\":\"SearchAction\",\"target\":{\"@type\":\"EntryPoint\",\"urlTemplate\":\"https:\/\/www.lesatheneennes.ch\/archive\/2022\/?s={search_term_string}\"},\"query-input\":\"required name=search_term_string\"}],\"inLanguage\":\"fr-FR\"},{\"@type\":\"ImageObject\",\"@id\":\"https:\/\/www.lesatheneennes.ch\/archive\/2022\/reservations\/#primaryimage\",\"inLanguage\":\"fr-FR\",\"url\":\"https:\/\/www.lesatheneennes.ch\/archive\/2022\/wp-content\/uploads\/2021\/05\/abonnement-explication.jpg\",\"contentUrl\":\"https:\/\/www.lesatheneennes.ch\/archive\/2022\/wp-content\/uploads\/2021\/05\/abonnement-explication.jpg\",\"width\":807,\"height\":234},{\"@type\":\"WebPage\",\"@id\":\"https:\/\/www.lesatheneennes.ch\/archive\/2022\/reservations\/#webpage\",\"url\":\"https:\/\/www.lesatheneennes.ch\/archive\/2022\/reservations\/\",\"name\":\"BILLETTERIE - Les Ath\u00e9n\u00e9ennes 2022\",\"isPartOf\":{\"@id\":\"https:\/\/www.lesatheneennes.ch\/archive\/2022\/#website\"},\"primaryImageOfPage\":{\"@id\":\"https:\/\/www.lesatheneennes.ch\/archive\/2022\/reservations\/#primaryimage\"},\"datePublished\":\"2021-04-20T09:29:57+00:00\",\"dateModified\":\"2023-04-26T12:25:17+00:00\",\"breadcrumb\":{\"@id\":\"https:\/\/www.lesatheneennes.ch\/archive\/2022\/reservations\/#breadcrumb\"},\"inLanguage\":\"fr-FR\",\"potentialAction\":[{\"@type\":\"ReadAction\",\"target\":[\"https:\/\/www.lesatheneennes.ch\/archive\/2022\/reservations\/\"]}]},{\"@type\":\"BreadcrumbList\",\"@id\":\"https:\/\/www.lesatheneennes.ch\/archive\/2022\/reservations\/#breadcrumb\",\"itemListElement\":[{\"@type\":\"ListItem\",\"position\":1,\"name\":\"BILLETTERIE\"}]}]}<\/script>\n<!-- \/ Yoast SEO plugin. -->","yoast_head_json":{"title":"BILLETTERIE - Les Ath\u00e9n\u00e9ennes 2022","robots":{"index":"index","follow":"follow","max-snippet":"max-snippet:-1","max-image-preview":"max-image-preview:large","max-video-preview":"max-video-preview:-1"},"canonical":"https:\/\/www.lesatheneennes.ch\/archive\/2022\/reservations\/","og_locale":"fr_FR","og_type":"article","og_title":"BILLETTERIE - Les Ath\u00e9n\u00e9ennes 2022","og_description":"R\u00e9servations online jUSQU\u2019\u00e0 18h LE JOUR DES CONCERTS pendant le festival, billets en vente sur place tous les soirs 1 heure avant les concerts Placement libre Tarifs par concert: [Tarif A] Plein tarif: 25.- | Tarif R\u00e9duit: 20.- | Tarif Jeune: 15.- [Tarif B] Plein tarif: 20.- | Tarif R\u00e9duit: 15.- | Tarif Jeune: 12.- &hellip; Continuer la lecture de &laquo;&nbsp;BILLETTERIE&nbsp;&raquo;","og_url":"https:\/\/www.lesatheneennes.ch\/archive\/2022\/reservations\/","og_site_name":"Les Ath\u00e9n\u00e9ennes 2022","article_publisher":"https:\/\/www.facebook.com\/lesatheneennes\/","article_modified_time":"2023-04-26T12:25:17+00:00","og_image":[{"url":"https:\/\/www.lesatheneennes.ch\/archive\/2022\/wp-content\/uploads\/2021\/05\/abonnement-explication.jpg"}],"twitter_card":"summary","twitter_misc":{"Dur\u00e9e de lecture estim\u00e9e":"2 minutes"},"schema":{"@context":"https:\/\/schema.org","@graph":[{"@type":"WebSite","@id":"https:\/\/www.lesatheneennes.ch\/archive\/2022\/#website","url":"https:\/\/www.lesatheneennes.ch\/archive\/2022\/","name":"Les Ath\u00e9n\u00e9ennes 2022","description":"","potentialAction":[{"@type":"SearchAction","target":{"@type":"EntryPoint","urlTemplate":"https:\/\/www.lesatheneennes.ch\/archive\/2022\/?s={search_term_string}"},"query-input":"required name=search_term_string"}],"inLanguage":"fr-FR"},{"@type":"ImageObject","@id":"https:\/\/www.lesatheneennes.ch\/archive\/2022\/reservations\/#primaryimage","inLanguage":"fr-FR","url":"https:\/\/www.lesatheneennes.ch\/archive\/2022\/wp-content\/uploads\/2021\/05\/abonnement-explication.jpg","contentUrl":"https:\/\/www.lesatheneennes.ch\/archive\/2022\/wp-content\/uploads\/2021\/05\/abonnement-explication.jpg","width":807,"height":234},{"@type":"WebPage","@id":"https:\/\/www.lesatheneennes.ch\/archive\/2022\/reservations\/#webpage","url":"https:\/\/www.lesatheneennes.ch\/archive\/2022\/reservations\/","name":"BILLETTERIE - Les Ath\u00e9n\u00e9ennes 2022","isPartOf":{"@id":"https:\/\/www.lesatheneennes.ch\/archive\/2022\/#website"},"primaryImageOfPage":{"@id":"https:\/\/www.lesatheneennes.ch\/archive\/2022\/reservations\/#primaryimage"},"datePublished":"2021-04-20T09:29:57+00:00","dateModified":"2023-04-26T12:25:17+00:00","breadcrumb":{"@id":"https:\/\/www.lesatheneennes.ch\/archive\/2022\/reservations\/#breadcrumb"},"inLanguage":"fr-FR","potentialAction":[{"@type":"ReadAction","target":["https:\/\/www.lesatheneennes.ch\/archive\/2022\/reservations\/"]}]},{"@type":"BreadcrumbList","@id":"https:\/\/www.lesatheneennes.ch\/archive\/2022\/reservations\/#breadcrumb","itemListElement":[{"@type":"ListItem","position":1,"name":"BILLETTERIE"}]}]}},"_links":{"self":[{"href":"https:\/\/www.lesatheneennes.ch\/archive\/2022\/wp-json\/wp\/v2\/pages\/18324"}],"collection":[{"href":"https:\/\/www.lesatheneennes.ch\/archive\/2022\/wp-json\/wp\/v2\/pages"}],"about":[{"href":"https:\/\/www.lesatheneennes.ch\/archive\/2022\/wp-json\/wp\/v2\/types\/page"}],"author":[{"embeddable":true,"href":"https:\/\/www.lesatheneennes.ch\/archive\/2022\/wp-json\/wp\/v2\/users\/1"}],"replies":[{"embeddable":true,"href":"https:\/\/www.lesatheneennes.ch\/archive\/2022\/wp-json\/wp\/v2\/comments?post=18324"}],"version-history":[{"count":70,"href":"https:\/\/www.lesatheneennes.ch\/archive\/2022\/wp-json\/wp\/v2\/pages\/18324\/revisions"}],"predecessor-version":[{"id":20545,"href":"https:\/\/www.lesatheneennes.ch\/archive\/2022\/wp-json\/wp\/v2\/pages\/18324\/revisions\/20545"}],"wp:attachment":[{"href":"https:\/\/www.lesatheneennes.ch\/archive\/2022\/wp-json\/wp\/v2\/media?parent=18324"}],"curies":[{"name":"wp","href":"https:\/\/api.w.org\/{rel}","templated":true}]}}